t w(k) = 7*k**2 + 81*k + 16. Give w(-11).
-28
Let y(j) = -6*j + 6. Calculate y(6).
-30
Let n(m) = -39*m - 1. Give n(-1).
38
Let n(j) = -j**3 - 7*j**2 + 9*j + 7. Give n(-8).
-1
Let p(u) = -2*u**3 - 47*u**2 - 24*u - 39. Give p(-23).
-16
Let x(f) = f**2 - 9*f - 6. Calculate x(8).
-14
Let d(o) = -40*o**2 + o - 4. Calculate d(0).
-4
Let a(z) = 2*z - 4. Determine a(7).
10
Let d(q) = q**2 + 10*q + 24. What is d(-5)?
-1
Let l(a) = 3*a - 17. Determine l(2).
-11
Let a(m) = m**3 + m**2 + 7*m + 21. Give a(-4).
-55
Let w(v) = -v**3 + 7*v**2 - 11*v + 7. Determine w(6).
-23
Let f(y) = -y**3 - 7*y**2 - 5*y - 8. Determine f(-7).
27
Let g(k) = -k**3 + 3*k**2 + 7*k - 16. Determine g(3).
5
Let n(d) = -d**2 + 11*d - 25. Determine n(9).
-7
Let a(s) = -5*s + 62. Give a(13).
-3
Let f(u) = 2*u**2 - 33*u + 14. Determine f(16).
-2
Let z(l) = -13*l**2 - 4*l - 1. What is z(2)?
-61
Let k(a) = -14*a**3 - 2*a**2 - 2*a - 1. Calculate k(-1).
13
Let k(s) = -s**2 + 55*s - 650. What is k(16)?
-26
Let w(m) = -4*m - 16. Determine w(-11).
28
Let f(w) = -2*w**2 - 3*w + 6. Determine f(5).
-59
Let c(v) = 2*v**3 + 2*v**2 + 4*v - 6. Calculate c(3).
78
Let s(o) = 3*o - 3. Calculate s(-4).
-15
Let z(s) = -s + 8. Calculate z(4).
4
Let d(f) = -7*f + 21. Give d(21).
-126
Let c(n) = 9*n - 455. What is c(51)?
4
Let m(j) = 10*j**2 + 3*j. Give m(-2).
34
Let k(n) = -n - 18. Determine k(-9).
-9
Let v(g) = 5*g + 14. Give v(-4).
-6
Let y(r) = -r**2 + 11*r - 23. Give y(4).
5
Let q(r) = r**2 - 11*r - 20. Determine q(13).
6
Let x(g) = g**2 + 4*g - 9. What is x(-9)?
36
Let w(i) = -i**2 - i + 1. Determine w(1).
-1
Let m(a) = a**3 - 16*a**2 - 18*a - 4. Determine m(17).
-21
Let y(l) = -l**3 + 9*l**2 + 9*l - 62. Calculate y(10).
-72
Let r(v) = v**3 - 8*v**2 + 10*v + 12. Determine r(6).
0
Let a(o) = 4*o - 14. Calculate a(6).
10
Let j(u) = -4*u - 10. Determine j(-10).
30
Let r(a) = a**3 - 10*a**2 + 9*a + 6. Give r(8).
-50
Let k(b) = 38*b + 171. Determine k(-5).
-19
Let z(d) = -d**3 + 13*d**2 - 36*d + 6. What is z(9)?
6
Let f(p) = 2*p - 16. Calculate f(-9).
-34
Let z(k) = -k**2 - 20*k - 6. Determine z(-8).
90
Let d(l) = -17*l**2 - 1. Determine d(-1).
-18
Let r(d) = -3*d**2 - 15*d + 5. Determine r(-7).
-37
Let j(q) = -3*q**2 - 29*q + 9. Calculate j(-10).
-1
Let m(w) = 6*w + 21. Calculate m(-4).
-3
Let c(b) = b**3 - 6*b**2 - 12*b - 19. Determine c(8).
13
Let i(a) = -a - 10. What is i(-11)?
1
Let c(o) = 7*o - 16. Determine c(3).
5
Let z(w) = -w**3 + 9*w**2 + 24*w - 18. What is z(11)?
4
Let k(j) = -j**3 - 57*j**2 + 244*j + 4. Calculate k(-61).
4
Let c(v) = 10*v + 227. Calculate c(-23).
-3
Let o(w) = -2*w**3 - 13*w**2 - 9*w - 21. What is o(-6)?
-3
Let t(l) = l - 2. Calculate t(2).
0
Let c(s) = s**3 - 5*s**2 - 5*s + 5. Calculate c(6).
11
Let w(g) = -3*g**2 - 35*g + 11. Determine w(-12).
-1
Let f(s) = s**3 + 9*s**2 - 5*s + 30. Determine f(-10).
-20
Let g(d) = -d**3 - 9*d**2 + 9*d + 3. Determine g(-10).
13
Let n(o) = 5*o**2 - 8*o + 4. Calculate n(4).
52
Let h(z) = -z**2 + 9*z - 21. Determine h(7).
-7
Let c(u) = 40*u + 23. Calculate c(4).
183
Let o(s) = -s**3 - 3*s**2 + 10*s + 1. What is o(-5)?
1
Let j(c) = -17*c - 76. Calculate j(-5).
9
Let v(j) = -8*j + 365. What is v(46)?
-3
Let w(r) = r**2 - 2. What is w(0)?
-2
Let y(x) = 7*x - 74. Calculate y(10).
-4
Let o(p) = -2*p**3 + 17*p**2 + 7*p + 12. Calculate o(9).
-6
Let d(m) = -6*m - 22. Give d(-4).
2
Let m(g) = g**2 - 7*g - 8. What is m(7)?
-8
Let l(i) = -i + 1. Calculate l(-7).
8
Let p(y) = -15*y - 11. Determine p(-6).
79
Let j(q) = -q**3 - q**2 - 2*q + 8. What is j(0)?
8
Let w(o) = 5*o**2 - 5*o - 1. Calculate w(0).
-1
Let s(g) = 5*g + 72. Calculate s(-17).
-13
Let n(j) = -j**2 - 7*j + 35. Calculate n(-11).
-9
Let n(m) = 5*m - 6. What is n(-3)?
-21
Let b(f) = f + 6. What is b(6)?
12
Let y(d) = d**3 - 6*d**2. Determine y(6).
0
Let m(a) = -4*a - 18. What is m(9)?
-54
Let u(i) = -i**2 - 15*i + 22. Calculate u(-16).
6
Let y(i) = i**3 - 36*i**2 - 73*i - 79. Give y(38).
35
Let f(j) = 4*j**3 + 32*j**2 + 27*j - 4. Determine f(-7).
3
Let l(t) = -t**3 - 10*t**2 - 4. Give l(-10).
-4
Let n(x) = 13*x + 3. Calculate n(-2).
-23
Let r(s) = -s**2 - 14*s - 27. Calculate r(-15).
-42
Let q(u) = -u**2 + 7*u + 37. Calculate q(11).
-7
Let a(l) = 8*l**3 - l**2 - l + 2. Give a(2).
60
Let g(u) = 66*u**2. Calculate g(-1).
66
Let n(g) = -g**2 + 10*g + 13. Give n(12).
-11
Let u(k) = -2*k**3 + 16*k**2 - 11*k - 1. What is u(8)?
-89
Let i(b) = 74*b - 1041. Give i(14).
-5
Let p(l) = l**2 + 2*l - 66. Give p(8).
14
Let u(c) = c**2 - 11*c - 107. Give u(16).
-27
Let f(t) = t**3 + 9*t**2 - 17*t - 159. Give f(-9).
-6
Let f(l) = -l**3 + 5*l**2 - 2*l - 4. What is f(4)?
4
Let r(m) = -8*m - 23. Give r(-6).
25
Let n(l) = l**2 + 18*l + 24. Calculate n(-19).
43
Let s(l) = 16*l - 99. Determine s(6).
-3
Let v(t) = t**2 + 5*t - 6. Give v(-8).
18
Let c(w) = -w**3 + 16*w. Calculate c(4).
0
Let q(a) = a**3 + 10*a**2 - 9*a + 4. Calculate q(-11).
-18
Let i(u) = -u**3 + 5*u**2 + 3*u + 8. Calculate i(6).
-10
Let c(x) = -x**3 + 7*x**2 - 5*x + 2. What is c(6)?
8
Let p(i) = -i**2 + 20*i - 72. What is p(14)?
12
Let o(u) = u**2 + 3*u + 6. Determine o(-4).
10
Let t(f) = f**2 - f - 39. Calculate t(9).
33
Let q(r) = r**3 - 25*r**2 - 4*r + 88. Determine q(25).
-12
Let v(i) = 8*i**3 - 2*i**2 - 4*i + 16. Calculate v(2).
64
Let y(q) = -2*q + 37. Determine y(32).
-27
Let f(m) = -13*m - 688. Calculate f(-53).
1
Let l(k) = -k**3 + 2*k**2 + 6*k - 3. Determine l(4).
-11
Let l(i) = 2*i - 1. Give l(5).
9
Let t(q) = -3*q + 24. Calculate t(12).
-12
Let o(q) = -7*q - 61. Calculate o(-7).
-12
Let j(m) = -m - 4. Determine j(-8).
4
Let b(j) = -j**3 + 6*j**2 - 10*j + 33. Give b(4).
25
Let a(r) = -r**3 - 6*r**2 - 3*r. Calculate a(-4).
-20
Let v(m) = m**3 - 5*m**2 - m - 26. Give v(6).
4
Let w(h) = h**2 + 2*h - 2. What is w(2)?
6
Let g(s) = -4*s + 8. Give g(-4).
24
Let d(h) = -7*h + 295. Determine d(36).
43
Let g(m) = m**3 + 14*m**2 - m + 22. Determine g(-14).
36
Let t(y) = y + 39. Give t(0).
39
Let u(z) = z - 12. Calculate u(6).
-6
Let i(t) = -4*t - 55. Calculate i(-16).
9
Let q(w) = w**3 + w**2 - 2*w - 25. Give q(0).
-25
Let n(h) = h - 26. Determine n(-11).
-37
Let z(b) = 2*b - 2. Give z(6).
10
Let u(g) = 5*g + 60. Give u(-13).
-5
Let f(s) = -s**2 - 15*s - 21. Give f(-14).
-7
Let f(w) = -w**3 + 9*w**2 - 3*w + 6. Determine f(9).
-21
Let s(k) = 2*k - 10. Calculate s(5).
0
Let c(n) = -n**3 - 11*n**2 - 3. Give c(-11).
-3
Let p(o) = -2*o**2 + o - 12. Give p(-6).
-90
Let a(o) = 10*o**2 + 6*o - 5. What is a(1)?
11
Let h(p) = 12*p**3 - p**2 + 4*p - 3. What is h(2)?
97
Let v(q) = q - 3. Give v(-4).
-7
Let o(x) = 42*x + 124. Determine o(-3).
-2
Let t(c) = -4*c - 12. Calculate t(2).
-20
Let s(f) = -7*f**2 - 8*f + 2. What is s(-1)?
3
Let s(p) = p**2 + 16*p + 25. Give s(-7).
-38
Let g(q) = -q**3 + 19*q**2 - q + 32. Give g(19).
13
Let r(s) = -s**2 + 14*s - 14. Give r(14).
-14
Let p(u) = u + 9. Determine p(9).
18
Let q(b) = -b**3 - 11*b**2 + 23*b - 23. What is q(-13)?
16
Let f(t) = 14*t - 24. Determine f(1).
-10
Let j(d) = 25*d + 751. What is j(-30)?
1
Let s(h) = 54*h - 316. What is s(6)?
8
Let l(j) = 3*j**3 - 3*j**2 + j + 1. Calculate l(2).
15
Let k(i) = i**2 + 10*i - 10. Calculate k(-12).
14
Let l(s) = 2*s + 1. Calculate l(0).
1
Let m(w) = -w**3 + 4*w**2 - 4*w - 6. Give m(3).
-9
Let a(r) = r**2 + 4*r - 32. Determine a(-6).
-20
Let z(u) = u**3 + 5*u**2 - 5*u - 1. Calculate z(-5).
24
Let p(t) = -8*t**2 + 6*t + 5. Calculate p(-1).
-9
Let l(c) = 3*c - 111. Give l(21).
-48
Let h(w) = w**2 - 43*w + 196. Give h(5).
6
Let n(g) = 2*g + 1. Calculate n(-1).
-1
Let z(j) = j**2 - 2*j - 7. Calculate z(-5).
28
Let j(l) = -l**3 + 11*l**2 + 9*l. Give j(12).
-36
Let z(q) = -q**3 - 27*q**2 - 179*q + 45. Calculate z(-14).
3
Let s(i) = i**2 - 31*i + 141. Determine s(5).
11
Let l(a) = -a**2 - 11*a - 16. Give l(-8).
8
Let g(m) = -m**2 - 16*m - 71. What is g(-8)?
-7
Let f(h) = 5*h - 5. Calculate f(3).
10
Let s(d) = -2*d**2 + 4*d + 21. Determine s(-5).
-49
Let h(r) = 2*r**2 - 13*r - 6. Give h(7).
1
Let l(m) = 2*m + 21. What is l(-16)?
-11
Let m(w) = -5*w**2 + 3*w + 3. Calculate m(2).
-11
Let z(x) = -x**3 + 12*x**2 + 13*x + 15. What is z(13)?
15
Let c(p) = 15*p + 111. What is c(-8)?
-9
Let i(x) = -x**3 - 10*x**2 + 3*x - 8. Calculate i(-10).
-38
Let g(d) = -4*d**2 + 11*d + 4. Give g(3)